
What is the remainder when 312 is divided by 95?
27
Calculate the remainder when 29473 is divided by 15.
13
What is the remainder when 114 is divided by 60?
54
Calculate the remainder when 171 is divided by 158.
13
What is the remainder when 5077 is divided by 23?
17
Calculate the remainder when 50 is divided by 4.
2
What is the remainder when 487 is divided by 20?
7
Calculate the remainder when 2636 is divided by 55.
51
Calculate the remainder when 1300 is divided by 425.
25
Calculate the remainder when 505 is divided by 39.
37
What is the remainder when 192 is divided by 60?
12
Calculate the remainder when 386 is divided by 65.
61
Calculate the remainder when 19431 is divided by 14.
13
What is the remainder when 2006 is divided by 17?
0
What is the remainder when 84 is divided by 26?
6
What is the remainder when 1270 is divided by 41?
40
What is the remainder when 160 is divided by 46?
22
What is the remainder when 1037 is divided by 344?
5
Calculate the remainder when 149 is divided by 51.
47
What is the remainder when 110 is divided by 11?
0
What is the remainder when 1498 is divided by 726?
46
What is the remainder when 152 is divided by 37?
4
Calculate the remainder when 218 is divided by 39.
23
What is the remainder when 22 is divided by 8?
6
Calculate the remainder when 549 is divided by 69.
66
What is the remainder when 41 is divided by 15?
11
Calculate the remainder when 1385 is divided by 31.
21
Calculate the remainder when 741 is divided by 45.
21
What is the remainder when 1129 is divided by 27?
22
What is the remainder when 272 is divided by 26?
12
Calculate the remainder when 29536 is divided by 18.
16
Calculate the remainder when 142 is divided by 46.
4
What is the remainder when 338 is divided by 18?
14
Calculate the remainder when 3486 is divided by 37.
8
What is the remainder when 3422 is divided by 16?
14
Calculate the remainder when 884 is divided by 5.
4
What is the remainder when 1182 is divided by 2?
0
Calculate the remainder when 475 is divided by 231.
13
What is the remainder when 21 is divided by 11?
10
Calculate the remainder when 1882 is divided by 228.
58
What is the remainder when 2932 is divided by 33?
28
Calculate the remainder when 1113 is divided by 312.
177
What is the remainder when 955 is divided by 25?
5
Calculate the remainder when 254 is divided by 62.
6
What is the remainder when 143 is divided by 36?
35
Calculate the remainder when 744 is divided by 595.
149
Calculate the remainder when 179 is divided by 55.
14
What is the remainder when 635 is divided by 75?
35
Calculate the remainder when 147 is divided by 140.
7
Calculate the remainder when 468 is divided by 93.
3
Calculate the remainder when 4616 is divided by 15.
11
What is the remainder when 1884 is divided by 27?
21
Calculate the remainder when 167 is divided by 21.
20
Calculate the remainder when 3292 is divided by 37.
36
Calculate the remainder when 149 is divided by 52.
45
Calculate the remainder when 623 is divided by 48.
47
What is the remainder when 43 is divided by 9?
7
What is the remainder when 165 is divided by 42?
39
Calculate the remainder when 347 is divided by 121.
105
Calculate the remainder when 605 is divided by 36.
29
Calculate the remainder when 148 is divided by 19.
15
What is the remainder when 495 is divided by 2?
1
Calculate the remainder when 6398 is divided by 32.
30
Calculate the remainder when 374 is divided by 142.
90
Calculate the remainder when 1168 is divided by 38.
28
What is the remainder when 3907 is divided by 230?
227
Calculate the remainder when 325 is divided by 30.
25
Calculate the remainder when 344 is divided by 13.
6
What is the remainder when 1263 is divided by 178?
17
What is the remainder when 2601 is divided by 93?
90
What is the remainder when 453 is divided by 3?
0
Calculate the remainder when 835 is divided by 50.
35
Calculate the remainder when 1160 is divided by 78.
68
Calculate the remainder when 131 is divided by 38.
17
Calculate the remainder when 379 is divided by 183.
13
Calculate the remainder when 389 is divided by 273.
116
What is the remainder when 1620 is divided by 147?
3
Calculate the remainder when 9 is divided by 7.
2
Calculate the remainder when 93 is divided by 60.
33
What is the remainder when 233 is divided by 27?
17
What is the remainder when 67 is divided by 57?
10
Calculate the remainder when 242 is divided by 76.
14
What is the remainder when 1987 is divided by 13?
11
Calculate the remainder when 4987 is divided by 58.
57
Calculate the remainder when 1510 is divided by 32.
6
Calculate the remainder when 861 is divided by 12.
9
What is the remainder when 2295 is divided by 8?
7
What is the remainder when 1563 is divided by 50?
13
What is the remainder when 15138 is divided by 226?
222
Calculate the remainder when 108 is divided by 55.
53
What is the remainder when 508 is divided by 32?
28
Calculate the remainder when 117 is divided by 17.
15
What is the remainder when 12300 is divided by 16?
12
What is the remainder when 1215 is divided by 38?
37
What is the remainder when 599 is divided by 40?
39
What is the remainder when 76 is divided by 18?
4
What is the remainder when 1311 is divided by 11?
2
Calculate the remainder when 230 is divided by 82.
66
Calculate the remainder when 2350 is divided by 42.
40
What is the remainder when 120 is divided by 9?
3
What is the remainder when 371 is divided by 354?
17
What is the remainder when 799 is divided by 26?
19
What is the remainder when 315 is divided by 80?
75
Calculate the remainder when 3166 is divided by 36.
34
What is the remainder when 44 is divided by 32?
12
What is the remainder when 2313 is divided by 36?
9
Calculate the remainder when 5306 is divided by 87.
86
What is the remainder when 18149 is divided by 165?
164
Calculate the remainder when 855 is divided by 13.
10
What is the remainder when 1100 is divided by 31?
15
What is the remainder when 17 is divided by 4?
1
What is the remainder when 3424 is divided by 25?
24
What is the remainder when 354 is divided by 56?
18
Calculate the remainder when 706 is divided by 342.
22
Calculate the remainder when 381 is divided by 12.
9
Calculate the remainder when 1405 is divided by 408.
181
Calculate the remainder when 299 is divided by 43.
41
Calculate the remainder when 2425 is divided by 23.
10
What is the remainder when 39 is divided by 11?
6
Calculate the remainder when 538 is divided by 178.
4
What is the remainder when 6801 is divided by 18?
15
What is the remainder when 9979 is divided by 86?
3
Calculate the remainder when 114 is divided by 20.
14
Calculate the remainder when 196 is divided by 69.
58
Calculate the remainder when 545 is divided by 51.
35
What is the remainder when 2542 is divided by 120?
22
Calculate the remainder when 274 is divided by 55.
54
Calculate the remainder when 252 is divided by 51.
48
Calculate the remainder when 527 is divided by 112.
79
Calculate the remainder when 1051 is divided by 9.
7
Calculate the remainder when 402 is divided by 139.
124
Calculate the remainder when 6854 is divided by 70.
64
Calculate the remainder when 145 is divided by 41.
22
What is the remainder when 2492 is divided by 57?
41
Calculate the remainder when 345 is divided by 110.
15
Calculate the remainder when 6116 is divided by 46.
44
What is the remainder when 330 is divided by 42?
36
Calculate the remainder when 105 is divided by 53.
52
Calculate the remainder when 3049 is divided by 122.
121
Calculate the remainder when 294 is divided by 79.
57
What is the remainder when 10798 is divided by 72?
70
Calculate the remainder when 1340 is divided by 42.
38
Calculate the remainder when 2641 is divided by 3.
1
Calculate the remainder when 395 is divided by 21.
17
What is the remainder when 1028 is divided by 61?
52
What is the remainder when 234 is divided by 34?
30
Calculate the remainder when 219 is divided by 14.
9
Calculate the remainder when 161 is divided by 18.
17
Calculate the remainder when 93 is divided by 9.
3
What is the remainder when 139 is divided by 70?
69
Calculate the remainder when 389 is divided by 130.
129
Calculate the remainder when 1104 is divided by 364.
12
What is the remainder when 617 is divided by 27?
23
What is the remainder when 3